).
5
Let g = -8 + 13. Let h(k) be the third derivative of -1/6*k**4 + 0*k - 5/6*k**3 + 1/10*k**5 - 1/120*k**6 + k**2 + 0. Calculate h(g).
0
Let b(a) = 4*a - 2. Let q be b(3). Suppose 4*w = 3*p - 10, -2*p + 2*w - w + q = 0. Let r(x) = x + 0*x - 3 - p. What is r(0)?
-9
Let v be 1 + (-4)/6*-3. Suppose 5*a - 13 = v*y + 18, 19 = 3*a - 2*y. Let w(n) = -n**3 + 5*n**2 - 2*n + 5. Calculate w(a).
-5
Suppose 0 = -u + 5 - 0. Suppose -4 = -u*f + 6. Let v be f*(0 - 2/(-2)). Let b(c) = -3*c. Give b(v).
-6
Let i(m) = -m - 5. Let n be i(-6). Let o(d) = -d**3 + 1. Let j(g) = 3*g**3 - g - 3. Let a(y) = j(y) + 4*o(y). Calculate a(n).
-1
Let l be (-26)/(-6) + 8/12. Let p(q) = -1 + 5 - l - 2*q - 2*q. What is p(2)?
-9
Suppose 2*c - 4*c = -8. Suppose 2*i = -4, -i - 13 - 13 = c*o. Let n(d) be the first derivative of d**4/4 + 5*d**3/3 - 3*d**2 + d - 22. Determine n(o).
1
Let q(m) = m**3 - 1. Suppose -4*h - 5*x = -6*h - 23, -4*x = 4*h - 24. Determine q(h).
0
Let k(f) be the second derivative of -f**4/12 + f**3/2 - f**2/2 - 7*f. Let d(i) = -i**3 - i. Let t be d(-1). Determine k(t).
1
Let f = -120 - -126. Let y(k) = -k**3 + 6*k**2 - 2*k - 5. Determine y(f).
-17
Let y(z) = -z**3 + 4. Let q be y(0). Suppose 0*o - q*o = -20. Let n(p) = 2*p**2 - 6*p - 19. Let f(d) = d**2 - 3*d - 9. Let c(h) = -5*f(h) + 2*n(h). Give c(o).
-3
Let z = 5 - 4. Let l(j) = -j. Let c(m) = 7*m - 6*m - 2*m + 4*m. Let t(y) = c(y) + 2*l(y). What is t(z)?
1
Suppose 3*x - 24 = -3*w, 0*x - 16 = -x + 3*w. Suppose 4*p = 5*p - 17. Let h(a) = -2*a - 3*a - p + a**2 + x. Calculate h(5).
-7
Let y = -7 + 10. Let o(i) = i**2 - i. Let a be o(2). Let l(p) = 3 - 2*p**2 + 1 + 0*p**2 + a*p. Give l(y).
-8
Let z(y) be the third derivative of -y**4/24 + y**3/2 - 3*y**2. Calculate z(8).
-5
Let g(x) = 5*x**3 + 33*x**2 - 29*x + 15. Let s(k) = 7*k - 7*k**2 + 6*k**2 - 4 - k**3 - 7*k**2. Let u(y) = 2*g(y) + 9*s(y). What is u(5)?
-6
Let l(n) be the third derivative of n**6/120 - n**5/20 - n**4/6 + n**3/2 + 15*n**2. What is l(4)?
3
Let c(x) = x**3 + 4*x**2 + 3*x + 7. Let j be c(-3). Suppose n = -n + 20. Let f(g) = j*g**2 - 1 + n*g - 10*g - g**2. What is f(-1)?
5
Let b = -25 + 29. Let c(j) = -j + 2. What is c(b)?
-2
Let f be 3 + (1 - 0*2/4). Let r(n) be the third derivative of n**4/24 - n**3/3 - n**2. Give r(f).
2
Let l = -86 + 86. Let z(j) = j**3 + j**2 - j + 11. Determine z(l).
11
Let z(k) = -k**2 - 5*k + 8. Let p be z(-6). Let w(a) = -2*a**p + 1 + 2*a**2 + a**2 - a. Suppose 1 = i - 2. Give w(i).
7
Suppose 3*r = -1 - 2. Let d(o) be the first derivative of 1 + 0*o - 1/2*o**2 + 1/2*o**4 - 2/3*o**3. What is d(r)?
-3
Let l = 1 - -1. Let y(s) = -1 - 3*s**3 + 0 - 2*s + 2*s**l - 3*s**2. Let o(i) = -i**2 - 9*i + 9. Let f be o(-10). Give y(f).
3
Let v(l) = 6*l**2 - 6*l + 13. Let f(u) = 17*u**2 - 18*u + 37. Let m(c) = -4*f(c) + 11*v(c). Let z be (-1 - 6/(-4))*8. Give m(z).
-13
Suppose -5*b - 2 = -h + 1, -4*b = -2*h. Let s(y) = y**3 + 3*y**2 + 4*y + 2. What is s(h)?
-2
Suppose 4*x - 2 = -6. Let l(u) = 4*u - 1. Calculate l(x).
-5
Suppose 21 = -2*j - j. Let p be 9/2 + j/14. Let m(a) = a**3 - 5*a**2 + 4*a + 3. Determine m(p).
3
Suppose 0 = -2*d + 7 - 3. Let h(k) = -3*k - 1. Let u be h(-1). Let i(a) = 3*a**u + 2 - 4*a**d - 5. Calculate i(0).
-3
Let m(o) = -5*o**2 - 11*o - 10. Let h(k) = 3*k**2 + 7*k + 7. Let t(j) = -8*h(j) - 5*m(j). Give t(0).
-6
Let k(r) = -r**2 - 13*r**3 - 1 + 14*r**3 - r + 0*r**2. Let s(u) = 6*u**3 - 6*u**2 - 8*u - 4. Let v(d) = -5*k(d) + s(d). Determine v(2).
-1
Let l(q) = -q. Let m(p) = -35*p. Let f(d) = 30*l(d) - m(d). Let s(k) = k**2 + 5*k - 8. Let c be s(-6). Determine f(c).
-10
Suppose 7*q - 12*q + 70 = 0. Let b(m) = 4*m + 2*m - q - m**2 + 9. What is b(6)?
-5
Let b be 0 + -4 + (0 - -3). Let d(a) = -10*a + 1. What is d(b)?
11
Let x(p) = -1 - 56*p**2 - p**3 - 1 + 57*p**2 + 3*p. Let q be (4/3)/(4/6). Give x(q).
0
Let x be 11/5 - (-17)/(-85). Let g(d) be the third derivative of d**5/60 + d**4/12 + d**2. Determine g(x).
8
Let m(s) be the second derivative of -1/3*s**3 + s**2 + 2*s + 0. Suppose 2*v - 5*b - 26 = 0, -7*v + 2*v - 4*b = 1. Calculate m(v).
-4
Suppose 7*p = 6*p + 6. Let v(c) = -c**2 + 6*c + 7. Give v(p).
7
Let z = 2 + 1. Let t(h) = 7*h**3 - 2*h + 2*h**3 + 13 + 0*h**z - 12. Give t(1).
8
Suppose 28 = 4*n + 88. Let q = n + 12. Let j(s) = 0*s + s**2 - 3*s + 4*s. Determine j(q).
6
Let f(y) be the third derivative of 5*y**4/24 + y**3/6 + 14*y**2. What is f(-3)?
-14
Suppose 25 = -5*u, 2*c + 0*u - 7 = u. Let a(k) = -8*k. Calculate a(c).
-8
Let q be (6/(-9))/(2/4)*3. Let l(z) = -z**2 - 4*z + 1. Calculate l(q).
1
Let y(q) = -9*q - 15*q + 32*q. Determine y(-2).
-16
Let p be 1/(6/2)*3. Let y(b) = b - 1. Let l(k) = 2*k - 4. Let x(i) = p*l(i) - 5*y(i). Calculate x(-1).
4
Let n(s) = -9*s - 20. Let w(a) = -5*a - 10. Let d(u) = 4*n(u) - 7*w(u). Give d(-10).
0
Let p(b) = 28 - 9 + b - 13. What is p(0)?
6
Let y(m) = -4*m**3 + 2*m**2 + 7*m**3 - 3*m - 1 - 1 - 2*m**3. Let o(u) = 2*u**3 + 5*u**2 - 7*u - 4. Let x(q) = 3*o(q) - 7*y(q). Determine x(0).
2
Let d be 1/((-4)/36*-3). Let z(q) = -q**2 + 1. Let k(o) = -4*o**2 - 6*o + 8. Let n(l) = d*z(l) - k(l). Give n(-6).
-5
Let p(r) = 0*r**2 + 1 + 1495*r - 1494*r - r**2 - r**3 + 0. Give p(2).
-9
Suppose 2*l + 2*o + o + 5 = 0, -3*l + 3*o + 15 = 0. Let i(d) be the third derivative of -d**5/60 + d**4/8 + d**2. What is i(l)?
2
Let u = 0 + 2. Let y(n) = -3*n**2 + 1 - 2 + 2*n**u - 3*n + 0*n. Determine y(-3).
-1
Suppose 0 = -30*t + 29*t - 10. Let m(c) = 2*c + 15. Give m(t).
-5
Let r(w) be the first derivative of -5*w**2/2 + 2*w - 1. Suppose -4 = 2*v - 4*x, -18*v + 4 = -21*v + 5*x. What is r(v)?
-8
Let d be (-2)/(-1 + 1 + 1). Let s = d + 0. Let t = s - -6. Let p(f) = f**2 - 3*f - 3. Determine p(t).
1
Suppose -1 = -i + 2. Suppose 12 = 5*d - i. Suppose d*p = -p. Let r(n) = -n**2 + 4. What is r(p)?
4
Let p(g) = -g - 9. Let w be p(-7). Let b(c) = -c**3 + c**2 + 6*c + 1. Let u(i) = -5*i**3 + 3*i**2 + 25*i + 3. Let x(f) = 9*b(f) - 2*u(f). What is x(w)?
-1
Let y(m) = m**2 + m. Let x = 6 + -8. Let v be y(x). Let b(z) = 3*z - 3. What is b(v)?
3
Let l = 5 + -3. Let a(x) = -3*x**2 + 0*x**l + 4*x**2 - 4 - 3*x. Calculate a(5).
6
Let o be (3 + -21)/(6/(-4)). Suppose 3*q = -5*g - 5, o = -3*g - 0. Let f(h) = h**3 - 6*h**2 + 3*h + 6. What is f(q)?
-4
Let i(t) = -2*t - 26 + 13 + 9. Let d be (-28)/6 - (-4)/6. Determine i(d).
4
Let q(y) = y**2 - y. Let p(o) = 3*o**2 - 8*o. Suppose 0 = 5*a + 2*u - 1, a - 2*u + 1 = 6. Let c(j) = a*p(j) - 4*q(j). Suppose -d + 3*d = -10. Give c(d).
-5
Let b(i) = -i**2 - 6*i + 4. Let d be b(-7). Let m(t) = t**2 + 5*t + 4. Give m(d).
-2
Let z be (-1 - -3) + -1 + 2. Let s = -1 + 2. Let b(v) = s - 3 + 3 - z*v. What is b(2)?
-5
Let b = 75 + -73. Let u(p) be the second derivative of 7/2*p**b - 1/6*p**3 + 2*p + 0. Determine u(0).
7
Let m(k) = k**3 + k**2 - 1. Let i(g) = -2*g**3 - 4*g**2 + 3*g + 1. Let j(h) = -i(h) - 3*m(h). Let u = 5 + -3. What is j(u)?
-8
Let u(m) = -3*m**2 + 2. Suppose s - 10 = 5. Let j = s - 13. Give u(j).
-10
Let g = 8 + -6. Let l(s) be the second derivative of 0 + 0*s**3 - g*s + 0*s**2 - 3/4*s**4. Give l(-1).
-9
Let h(n) be the second derivative of -1/3*n**3 + 1/2*n**2 + 0 + 3*n. Calculate h(2).
-3
Let w(m) = m**2 - 5*m + 5. Let l(o) = 3*o**2 - 9*o + 11. Let q(t) = 2*l(t) - 5*w(t). What is q(-6)?
-9
Let r(f) = -f**3 + 6*f**2 - 4*f - 5. Let y(z) = z**3 - 10*z**2 + 9*z + 5. Let x be y(9). Determine r(x).
0
Let v(n) be the second derivative of -1/2*n**2 - 1/3*n**3 - 11/12*n**4 + 0 + 4*n. Calculate v(-1).
-10
Let g be (8/10)/(1/(-5)). Let c be (2/g)/(2/(-12)). Let l(n) = n**3 - 3*n**2 + n + 1. What is l(c)?
4
Let k(h) = -2 + 3 + 2 - h. Let g be (3/3)/((-1)/(-5)). Let u(a) = a**3 - 4*a**2 - 3*a - 6. Let s be u(g). Give k(s).
-1
Let y = 13 + -7. Let v(o) = -1 - y - o - 1 + 3. Let f(i) = -i**2 + 5*i + 1. Let d be f(6). Calculate v(d).
0
Let l(x) be the second derivative of -x**5/20 - 7*x**4/12 - 5*x**2/2 - x. Let u be l(-7). Let g = u + 6. Let t(j) = -2*j**2 + j. Calculate t(g).
-1
Let b(i) = -4*i + 2. Suppose -12 = -0*d - 3*d. Calculate b(d).
-14
Let j(o) = o + 2. Let c be ((-2)/(-6))/(4/24). Suppose -c*n + n = -2. Determine j(n).
4
Let t(o) = 6*o + 9. Let h(u) = 17*u + 26. Let m(q) = -4*h(q) + 11*t(q). Suppose -3*g - 5*v - 37 = 0, -g - 5*v - 22 = 7. Calculate m(g).
3
Let f be 31